[INFO] fetching crate ticketed_lock 0.2.0...
[INFO] checking ticketed_lock-0.2.0 against master#af3c6e733a40e671550e0f0f5aeecaa13772ba56 for pr-74989
[INFO] extracting crate ticketed_lock 0.2.0 into /workspace/builds/worker-8/source
[INFO] validating manifest of crates.io crate ticketed_lock 0.2.0 on toolchain af3c6e733a40e671550e0f0f5aeecaa13772ba56
[INFO] running `Command { std: "/workspace/cargo-home/bin/cargo" "+af3c6e733a40e671550e0f0f5aeecaa13772ba56" "read-manifest" "--manifest-path" "Cargo.toml", kill_on_drop: false }`
[INFO] started tweaking crates.io crate ticketed_lock 0.2.0
[INFO] removed 0 missing examples
[INFO] finished tweaking crates.io crate ticketed_lock 0.2.0
[INFO] tweaked toml for crates.io crate ticketed_lock 0.2.0 written to /workspace/builds/worker-8/source/Cargo.toml
[INFO] running `Command { std: "/workspace/cargo-home/bin/cargo" "+af3c6e733a40e671550e0f0f5aeecaa13772ba56" "generate-lockfile" "--manifest-path" "Cargo.toml" "-Zno-index-update", kill_on_drop: false }`
[INFO] running `Command { std: "/workspace/cargo-home/bin/cargo" "+af3c6e733a40e671550e0f0f5aeecaa13772ba56" "fetch" "--locked" "--manifest-path" "Cargo.toml", kill_on_drop: false }`
[INFO] running `Command { std: "docker" "create" "-v" "/var/lib/crater-agent-workspace/builds/worker-8/target:/opt/rustwide/target:rw,Z" "-v" "/var/lib/crater-agent-workspace/builds/worker-8/source:/opt/rustwide/workdir:ro,Z" "-v" "/var/lib/crater-agent-workspace/cargo-home:/opt/rustwide/cargo-home:ro,Z" "-v" "/var/lib/crater-agent-workspace/rustup-home:/opt/rustwide/rustup-home:ro,Z" "-e" "SOURCE_DIR=/opt/rustwide/workdir" "-e" "CARGO_TARGET_DIR=/opt/rustwide/target" "-e" "CARGO_HOME=/opt/rustwide/cargo-home" "-e" "RUSTUP_HOME=/opt/rustwide/rustup-home" "-w" "/opt/rustwide/workdir" "-m" "1610612736" "--user" "0:0" "--network" "none" "rustops/crates-build-env@sha256:d92eaeed33fa75130ca1ee6c8a01d1ffb62bac859dfdfb3450e3e5d1c0146529" "/opt/rustwide/cargo-home/bin/cargo" "+af3c6e733a40e671550e0f0f5aeecaa13772ba56" "metadata" "--no-deps" "--format-version=1", kill_on_drop: false }`
[INFO] [stdout] cc53d141a26243dc2f8c212ac5bd174da53d208b7314bfce4fab58a567b0d989
[INFO] [stderr] WARNING: Your kernel does not support swap limit capabilities or the cgroup is not mounted. Memory limited without swap.
[INFO] running `Command { std: "docker" "start" "-a" "cc53d141a26243dc2f8c212ac5bd174da53d208b7314bfce4fab58a567b0d989", kill_on_drop: false }`
[INFO] running `Command { std: "docker" "inspect" "cc53d141a26243dc2f8c212ac5bd174da53d208b7314bfce4fab58a567b0d989", kill_on_drop: false }`
[INFO] running `Command { std: "docker" "rm" "-f" "cc53d141a26243dc2f8c212ac5bd174da53d208b7314bfce4fab58a567b0d989", kill_on_drop: false }`
[INFO] [stdout] cc53d141a26243dc2f8c212ac5bd174da53d208b7314bfce4fab58a567b0d989
[INFO] running `Command { std: "docker" "create" "-v" "/var/lib/crater-agent-workspace/builds/worker-8/target:/opt/rustwide/target:rw,Z" "-v" "/var/lib/crater-agent-workspace/builds/worker-8/source:/opt/rustwide/workdir:ro,Z" "-v" "/var/lib/crater-agent-workspace/cargo-home:/opt/rustwide/cargo-home:ro,Z" "-v" "/var/lib/crater-agent-workspace/rustup-home:/opt/rustwide/rustup-home:ro,Z" "-e" "SOURCE_DIR=/opt/rustwide/workdir" "-e" "CARGO_TARGET_DIR=/opt/rustwide/target" "-e" "CARGO_INCREMENTAL=0" "-e" "RUST_BACKTRACE=full" "-e" "RUSTFLAGS=--cap-lints=forbid" "-e" "CARGO_HOME=/opt/rustwide/cargo-home" "-e" "RUSTUP_HOME=/opt/rustwide/rustup-home" "-w" "/opt/rustwide/workdir" "-m" "1610612736" "--user" "0:0" "--network" "none" "rustops/crates-build-env@sha256:d92eaeed33fa75130ca1ee6c8a01d1ffb62bac859dfdfb3450e3e5d1c0146529" "/opt/rustwide/cargo-home/bin/cargo" "+af3c6e733a40e671550e0f0f5aeecaa13772ba56" "check" "--frozen" "--all" "--all-targets" "--message-format=json", kill_on_drop: false }`
[INFO] [stdout] 0317a80a1a6c87db56b9909e885b96f17a28af21659668f16141b24e5bfa590c
[INFO] [stderr] WARNING: Your kernel does not support swap limit capabilities or the cgroup is not mounted. Memory limited without swap.
[INFO] running `Command { std: "docker" "start" "-a" "0317a80a1a6c87db56b9909e885b96f17a28af21659668f16141b24e5bfa590c", kill_on_drop: false }`
[INFO] [stderr]    Compiling log v0.4.11
[INFO] [stderr]     Checking thread_local v0.3.6
[INFO] [stderr]     Checking regex v0.2.11
[INFO] [stderr]     Checking log v0.3.9
[INFO] [stderr]     Checking ticketed_lock v0.2.0 (/opt/rustwide/workdir)
[INFO] [stdout] warning: unnecessary `unsafe` block
[INFO] [stdout]    --> src/lib.rs:174:25
[INFO] [stdout]     |
[INFO] [stdout] 174 |             Ok(data) => unsafe{ data.into_inner() },
[INFO] [stdout]     |                         ^^^^^^ unnecessary `unsafe` block
[INFO] [stdout]     |
[INFO] [stdout]     = note: `#[warn(unused_unsafe)]` on by default
[INFO] [stdout] 
[INFO] [stdout] 
[INFO] [stdout] warning: 1 warning emitted
[INFO] [stdout] 
[INFO] [stdout] 
[INFO] [stderr]     Checking env_logger v0.4.3
[INFO] [stdout] warning: unnecessary `unsafe` block
[INFO] [stdout]    --> src/lib.rs:174:25
[INFO] [stdout]     |
[INFO] [stdout] 174 |             Ok(data) => unsafe{ data.into_inner() },
[INFO] [stdout]     |                         ^^^^^^ unnecessary `unsafe` block
[INFO] [stdout]     |
[INFO] [stdout]     = note: `#[warn(unused_unsafe)]` on by default
[INFO] [stdout] 
[INFO] [stdout] 
[INFO] [stdout] warning: 1 warning emitted
[INFO] [stdout] 
[INFO] [stdout] 
[INFO] [stdout] error[E0599]: no method named `wait` found for struct `WriteTicket<u8>` in the current scope
[INFO] [stdout]    --> examples/order.rs:16:28
[INFO] [stdout]     |
[INFO] [stdout] 16  |         let mut guard = t3.wait();
[INFO] [stdout]     |                            ^^^^ method not found in `WriteTicket<u8>`
[INFO] [stdout]     | 
[INFO] [stdout]    ::: /opt/rustwide/cargo-home/registry/src/github.com-1ecc6299db9ec823/futures-0.1.29/src/future/mod.rs:297:8
[INFO] [stdout]     |
[INFO] [stdout] 297 |     fn wait(self) -> result::Result<Self::Item, Self::Error>
[INFO] [stdout]     |        ---- the method is available for `Box<WriteTicket<u8>>` here
[INFO] [stdout]     |
[INFO] [stdout]     = help: items from traits can only be used if the trait is in scope
[INFO] [stdout] help: the following trait is implemented but not in scope; perhaps add a `use` for it:
[INFO] [stdout]     |
[INFO] [stdout] 4   | use futures::future::Future;
[INFO] [stdout]     |
[INFO] [stdout] 
[INFO] [stdout] 
[INFO] [stdout] error[E0599]: no method named `wait` found for struct `ReadTicket<u8>` in the current scope
[INFO] [stdout]    --> examples/order.rs:21:24
[INFO] [stdout]     |
[INFO] [stdout] 21  |         let guard = t2.wait();
[INFO] [stdout]     |                        ^^^^ method not found in `ReadTicket<u8>`
[INFO] [stdout]     | 
[INFO] [stdout]    ::: /opt/rustwide/cargo-home/registry/src/github.com-1ecc6299db9ec823/futures-0.1.29/src/future/mod.rs:297:8
[INFO] [stdout]     |
[INFO] [stdout] 297 |     fn wait(self) -> result::Result<Self::Item, Self::Error>
[INFO] [stdout]     |        ---- the method is available for `Box<ReadTicket<u8>>` here
[INFO] [stdout]     |
[INFO] [stdout]     = help: items from traits can only be used if the trait is in scope
[INFO] [stdout] help: the following trait is implemented but not in scope; perhaps add a `use` for it:
[INFO] [stdout]     |
[INFO] [stdout] 4   | use futures::future::Future;
[INFO] [stdout]     |
[INFO] [stdout] 
[INFO] [stdout] 
[INFO] [stdout] error[E0599]: no method named `wait` found for struct `ReadTicket<u8>` in the current scope
[INFO] [stdout]    --> examples/order.rs:25:24
[INFO] [stdout]     |
[INFO] [stdout] 25  |         let guard = t1.wait();
[INFO] [stdout]     |                        ^^^^ method not found in `ReadTicket<u8>`
[INFO] [stdout]     | 
[INFO] [stdout]    ::: /opt/rustwide/cargo-home/registry/src/github.com-1ecc6299db9ec823/futures-0.1.29/src/future/mod.rs:297:8
[INFO] [stdout]     |
[INFO] [stdout] 297 |     fn wait(self) -> result::Result<Self::Item, Self::Error>
[INFO] [stdout]     |        ---- the method is available for `Box<ReadTicket<u8>>` here
[INFO] [stdout]     |
[INFO] [stdout]     = help: items from traits can only be used if the trait is in scope
[INFO] [stdout] help: the following trait is implemented but not in scope; perhaps add a `use` for it:
[INFO] [stdout]     |
[INFO] [stdout] 4   | use futures::future::Future;
[INFO] [stdout]     |
[INFO] [stdout] 
[INFO] [stdout] 
[INFO] [stdout] error: aborting due to 3 previous errors
[INFO] [stdout] 
[INFO] [stdout] 
[INFO] [stdout] For more information about this error, try `rustc --explain E0599`.
[INFO] [stdout] 
[INFO] [stderr] error: could not compile `ticketed_lock`.
[INFO] [stderr] 
[INFO] [stderr] To learn more, run the command again with --verbose.
[INFO] running `Command { std: "docker" "inspect" "0317a80a1a6c87db56b9909e885b96f17a28af21659668f16141b24e5bfa590c", kill_on_drop: false }`
[INFO] running `Command { std: "docker" "rm" "-f" "0317a80a1a6c87db56b9909e885b96f17a28af21659668f16141b24e5bfa590c", kill_on_drop: false }`
[INFO] [stdout] 0317a80a1a6c87db56b9909e885b96f17a28af21659668f16141b24e5bfa590c
